y**3 - 3*y**2 + 7. Suppose -3*p + 90 = -5*p. Let n = p - -37. What is u(n)?
-9
Let n(y) = -2*y - 4. Let z = -183 + 180. Determine n(z).
2
Suppose 0 = -l - 6 - 1. Let g(w) = -w**2 - 6*w + 7. Let q be g(l). Suppose 0*y - 4*y = q. Let i(n) = -n**2 + n - 7. Determine i(y).
-7
Let c(s) be the second derivative of s**5/20 - 2*s**4/3 + s**3/2 + 3*s**2 + 114*s. Determine c(7).
-22
Let i = 3 - 3. Let q be i/(9/(-3) - -2). Suppose 2*b = -q*b + 14. Let t(c) = c - 14. What is t(b)?
-7
Let s = 20 + -15. Let h = 9 - s. Suppose -i + 6*f + 12 = f, h*f + 21 = -3*i. Let a(v) = -v**3 - 2*v**2 + 5*v + 2. Give a(i).
-4
Let x(d) = d**3 + 2*d**2 + 2. Let a(g) = g**2 - g - 2. Let b be a(0). Let j be x(b). Let r(l) = -5*l**2 + 7*l + 3 + 2*l**2 - 5 + 4*l**j. Give r(-4).
-14
Let s(x) = 4 - 4 + x**2 - 11*x + 12*x - 3. Calculate s(3).
9
Let c be 5/(15/63) - (0 - -4). Let b(u) = -3*u**3 - 5*u**2 + u. Let j(d) = -8*d**3 - 14*d**2 + 3*d. Let w(h) = c*b(h) - 6*j(h). What is w(-1)?
3
Let p(v) = -9*v**2 + 2*v + 1. Let a(q) = q**2 + 2*q - 1. Let l be a(-2). Let o be (4 - l) + 4/(-2). Let t be 1*-4*o/12. Give p(t).
-10
Let o be 1/1 + (-2 - -6). Let t(j) = o*j**2 - 1610*j - j**3 + 1610*j. Calculate t(5).
0
Let u = -16 - -20. Suppose -c - 3*x + x = 0, 0 = 3*c + u*x. Suppose -6*o - 24 + c = 0. Let d(t) = 4*t + 2. Determine d(o).
-14
Let v(f) be the first derivative of f**2/2 + 1. Let m be -5 - ((-7)/(49/(-7))*-1 + -3). Give v(m).
-1
Let f(y) = -2*y + 3*y - 6*y**2 - y - y**3. Suppose 25*n = 24*n - 6. What is f(n)?
0
Let r be 9/2*(3 - (-21)/(-9)). Let o(m) = -m**3 + 0*m**3 + 0*m**r + 2*m**3. Calculate o(1).
1
Let h(o) = -300 + o + o + 301. Suppose -2 = -3*w - 5*r + 3*r, 0 = w - r + 6. Let p = w - 1. What is h(p)?
-5
Suppose -p - 25 + 33 = 0. Let z(m) = -m + 20. Determine z(p).
12
Let q(m) be the third derivative of -m**5/60 + m**4/6 + m**3/2 - 4*m**2 - 4*m. Calculate q(4).
3
Let u(l) = -5*l**2 - l**3 - 1949*l + 0*l**3 + 4 + 1948*l. Determine u(-4).
-8
Suppose q = -5*r + 20, -5*r = -4*q - 29 - 16. Let g(y) = -2*y**2 + 3*y**2 + 12*y + 5 - 5*y + 0*y. Give g(q).
-5
Suppose 3*q = -g + 10, 0 = q + 4*g - 0*g - 7. Let u(i) be the third derivative of 7*i**2 - 1/6*i**3 - 1/60*i**5 + 1/8*i**4 + 0 + 0*i. Determine u(q).
-1
Let o = 333 - 340. Suppose -2*g + 12 = -2*m, -2*m - 10 = -m - 5*g. Let r = m - o. Let j(c) = 4*c - 3. Calculate j(r).
5
Let t(n) be the first derivative of 3*n**2/2 + 2. Let f(o) = o**3 + 2. Let v(b) = -b**2 - 10*b - 16. Let r be v(-8). Let w be f(r). Calculate t(w).
6
Let h(y) = -y**3 + 6*y**2 + 6*y - 3. Let u = 111 + -105. Give h(u).
33
Let r be 2*(2 - 4/1). Let d(c) = c**3 + 8*c**2 + 14. Let h be d(-8). Let s(q) = 3*q - 2*q - h + 12. What is s(r)?
-6
Let p(z) = -z**2 - 8*z + 3. Let a = 101 - 103. Let s be ((-24)/(-15))/(a/10). What is p(s)?
3
Suppose 3*v - 29 = -z, -v - 4*v + 75 = 3*z. Suppose 3*b + b + 36 = 4*f, -5*b = z. Let g(w) = -3*w**2 + 5*w - 2*w**2 + 4*w**2. What is g(f)?
0
Suppose 0 = v - z + 2 - 23, -3*v + z = -59. Let g(r) = 12*r - v*r - r**2 + 5 + 11*r. Determine g(5).
0
Let t = -31 - -19. Let a(m) = -m**2 - 13*m - 15. Let g be a(t). Let j(i) = -3*i + 2 + i**3 - 4*i**3 - 3*i**2 + 0*i**3 + 2*i**3. Give j(g).
11
Let a(h) = -41*h**3 + h**2 + h - 1. Let c be (5 - 7)/1 - 4 - -7. Determine a(c).
-40
Let f(c) = c. Let d = -3 - -7. Let b be (-1 - (2 - d))*5. Suppose 5*z - 12 - 28 = -2*v, 5*z - 5*v = b. What is f(z)?
6
Let i(s) = s + 4. Suppose -3*c - 18 = -6, -4*n - c - 12 = 0. Let b = -2 - n. Let h be (b - -2) + (-48)/6. Calculate i(h).
-2
Let k(f) be the first derivative of 9/2*f**2 + 9 + 2*f. Determine k(-2).
-16
Let g(m) = 2*m - 2. Let d(o) = -o**2 + 7*o + 2. Let f be d(7). Let y be g(f). Suppose -22 = 5*c - y. Let w(a) = 2*a + 2. What is w(c)?
-6
Let x(o) = -2*o**2 - 5*o + 3. Let s = 31 - 28. Suppose 4*u + z = -12, -2*u - s*z + 8 = z. What is x(u)?
-9
Let m(f) = -f**2 - f. Let l(i) = i**2 + 2*i + 1. Let y(o) = -3*l(o) - 4*m(o). Let b be y(0). Let h(s) = 0 + 0*s**2 + 7*s + s**2 + 3. Calculate h(b).
-9
Let b(k) = k**3 - 3*k**2 - 6*k + 5. Let u = -19 - -26. Suppose 0 = -u*s + 5*s + 8. What is b(s)?
-3
Let j(l) = -12*l. Let q(u) = -5*u - 1. Let x(o) = 2*j(o) - 5*q(o). Calculate x(-8).
-3
Let n(i) = -12*i**2 - 8*i + 2 + 7*i + 6*i**2 + 7*i**2. Calculate n(2).
4
Suppose -4 = -3*w + 11, 2*w = 2*f + 2. Let h(j) = -4*j**3 - 11*j**2 - j - 2. Let g(a) = -a**3 - a**2 - a. Let q(m) = -5*g(m) + h(m). Calculate q(f).
-18
Let n(w) = -w**2 + 8*w - 2. Let i = -1019 - -1025. What is n(i)?
10
Let z(j) = j**3 + j**2 - 9*j - 18. Let t be z(-2). Let c(v) = -v**2 - 6*v - 4. What is c(t)?
4
Let l = 7 + -13. Let c(x) = -3*x - 17. Let w be (-10)/3 - 1/(-3). Let k(t) = t + 6. Let d(s) = w*c(s) - 8*k(s). Calculate d(l).
-3
Let b = 59 - 61. Let z be (b/8)/(5/(-20)). Let o(f) = 7*f**3 - 2*f**2 + f. Give o(z).
6
Let k be (2 + -2)/((-18)/6) + 2. Let x(y) = y**3 - y - 13 + 19 + 6*y**k - 10. Determine x(-6).
2
Let h(x) = 7*x**2 + 2*x - 3. Let n = 9 + -15. Let d(w) = 6*w**2 + 2*w - 2. Let k be (4/(-6))/((-6)/45). Let o(z) = k*h(z) + n*d(z). Give o(-3).
-6
Let y(x) = 2*x**3 + 2*x**2 - 2. Let q = -56 - -58. Suppose -q*i - 4*k = 8, i - 1 = -i + 5*k. Give y(i).
-10
Let d(h) = h**3 - 4*h**2 - h + 1. Let f be 1/(2/(-22))*-1. Suppose -5*s - f = 19. Let r be s/(-12)*(0 - -4). Give d(r).
-9
Let l(k) = -k**3 - 2*k**2 - k - 4. Suppose -4*x + 30 = -3*r, r - 6 = -3*x + 10. Suppose -12 - 42 = -6*c. Let f = x - c. What is l(f)?
8
Let l(r) be the first derivative of r**4/4 - r**3/3 + 123. Determine l(1).
0
Let t = 33 + 34. Let c(d) = 65*d**2 + 2 - 129*d**2 + t*d**2 - d - d**3. Calculate c(3).
-1
Let z(b) = -b**2 + b - 25. Let v = -52 - -67. Let a(t) = -t + 15. Let k be a(v). What is z(k)?
-25
Let d(u) = u**2 + 4*u - 3. Let q be d(-4). Let t(z) be the first derivative of -z**3/3 + 3*z + 2190. What is t(q)?
-6
Let k(h) = 2*h - 27. Suppose 5*f + 22 = y, -2*y + 16*f + 34 = 11*f. Give k(y).
-3
Let i(r) = -r**2 + 8*r + 13. Let g be (0 - 10)*(-4)/1. Let l be (g/14)/((-4)/(-14)). Let h be i(l). Let u(o) = -o**2 - 8*o - 5. Determine u(h).
2
Let u(d) = -d**3 - 2 - 3*d**2 + 3*d + 4 + 0*d + 2. Let t(k) = 4*k + 1. Let s be 1/(-3) - 6/9. Let i be t(s). Calculate u(i).
-5
Suppose -2*y + 5*d = -21, -11 = 4*d + 1. Suppose 3*r - c = 2*c - y, 0 = 3*r - 5*c + 11. Let o(j) = -9*j - 11*j + r*j - 1 + 5*j. What is o(-1)?
11
Let r(l) = 11*l - 7. Let w(p) = -8*p + 6. Let z(v) = -3*r(v) - 4*w(v). Give z(-2).
-1
Let d(i) = i**2 + 2*i - 6. Let p(l) = 31*l - 242. Let q be p(9). Suppose -5*k + 0*k - 133 = -4*o, 5*k - 91 = -3*o. Let m = o - q. Determine d(m).
9
Let b(n) = 3*n**2 - n. Let f be 14 + -13 - (-4)/2. Suppose f*a - w = -7, -3*a + 2*w - 15 = -w. Give b(a).
4
Let y(v) = 4*v + 1. Suppose 12 = -4*a + 24. Suppose -a*z = -3*k - 4 - 2, 5*z - 1 = -4*k. What is y(z)?
5
Suppose -8 = 2*g - 4. Let l(v) be the second derivative of 1/6*v**3 + 1/20*v**5 + 0 + 0*v**4 - 1/2*v**2 + 4*v. Calculate l(g).
-11
Let y(x) be the first derivative of 4*x - 2/3*x**3 - 5 + 1/2*x**2. Determine y(3).
-11
Let i(y) = 7*y - 2*y - 4*y + 1. Suppose -3*o = -5*m, -12*m = -14*m + 3*o. What is i(m)?
1
Let d(h) = h**2 - 5*h - 7. Let b be d(7). Let o(u) = -1 + 0*u + 3 - b - u. Determine o(0).
-5
Let h be 0/((-2)/(1/1)). Suppose -2*l - 2*c = -20, -c = 4*l - h*c - 37. Suppose 8*k = l*k + 1. Let j(n) = 10*n**3 + 2*n**2 + n. Give j(k).
-9
Let d(x) = -x + 5. Let s be d(2). Let p(b) = -3*b - 2*b**2 - 2*b**s - 1 + 0 + b**3 + b. Calculate p(-2).
3
Suppose 5*y - 23 - 2 = 0. Suppose 0*j = -2*c + 3*j - 1, -5*c + y*j = 0. Let n(l) = 2*l**3. Calculate n(c).
2
Let l(w) be the third derivative of -w**4/24 + w**2. Let n be (98 + 6)/13*1. What is l(n)?
-8
Let c(z) = -z**2 + 640 + 5*z - 3*z - 12*z - 643. What is c(-9)?
6
Let d(s) = 4 - s - s - 10 - 2 + 23*s**2 + 7. Calculate d(-1).
24
Let l(u) be the second derivative of -u**3/6 + 15*u**2/2 - 3*u. Suppose 0 = 136*k - 139*k, 5*b - 5*k - 35 = 0. Give l(b).
8
Let k(c) = -5 + 6 + 11*c + 0*c. Let r = -1258 + 1256. What is k(r)?
-21
Let b(n) = n - 3. Let s(r) = -r**3 + 9*r**2 - r + 6. Let u be s(9). Let x be b(u). Let v(w) be the first derivative of -w**3/3 - 4*w**2 - 5*w - 44. Give v(x).
7
Let t(j) = -2*j - 6. Let b = 201 + -207. Give t(b).
6
Let u(i) = 4*i**2 + 8*i - 7. Let q be u(-3). Let w(n) = -n**2 + 6*n + 5. Determine w(q).
10
Let a be 9/((-1